 440. Determine f(1).
35
Let g(m) = -5062*m + 10574. What is g(2)?
450
Let t(q) = -246*q + 49947. Give t(203).
9
Let y(s) = 32995380*s - 65990764. Calculate y(2).
-4
Let z(l) = -8*l**2 - 267*l - 1962. What is z(-28)?
-758
Let u(h) = -h**3 + 140*h**2 + 1504*h - 608. Calculate u(150).
-8
Let y(b) = -10953*b - 1862003. Determine y(-170).
7
Let g(p) = p**2 + 571*p + 32900. What is g(-65)?
10
Let j(s) = -381232*s - 381238. What is j(-1)?
-6
Let l(n) = 7*n**2 - 2092*n + 40056. Determine l(19).
2835
Let j(q) = -10139*q - 578013. What is j(-57)?
-90
Let h(v) = -141*v - 13083. Give h(-75).
-2508
Let p(i) = -7*i**3 + 1787*i**2 - 511*i + 269. Calculate p(255).
14
Let g(a) = -66958*a - 334921. What is g(-5)?
-131
Let t(w) = 917*w - 297276. Determine t(324).
-168
Let r(h) = -3*h**3 + 107*h**2 + 238*h + 105. Determine r(39).
-5823
Let z(v) = -8084*v - 5036339. What is z(-623)?
-7
Let t(z) = -2*z**3 - 86*z**2 + 305*z + 1328. Calculate t(-46).
-6
Let f(h) = 2*h**3 + 57*h**2 + 972*h + 20024. Calculate f(-25).
99
Let k(t) = -43405*t + 86804. What is k(2)?
-6
Let h(p) = -154613*p - 1082398. What is h(-7)?
-107
Let b(j) = -4*j**2 + 116*j + 407. What is b(-18)?
-2977
Let m(q) = -2*q**3 - 45*q**2 + 170*q + 1276. What is m(-25)?
151
Let r(o) = -39*o**2 + 595*o + 1793. Calculate r(-3).
-343
Let r(w) = -w**3 + 25*w**2 - 32*w - 174. Calculate r(22).
574
Let g(l) = -4*l**3 - 10*l**2 + 25*l + 105. What is g(-8)?
1313
Let z(p) = -2*p**3 + 55*p**2 - 114*p - 2124. Calculate z(23).
15
Let z(w) = 2*w**3 - 284*w**2 + 2155*w - 1277. Calculate z(134).
197
Let p(r) = -2*r**3 - 34*r**2 + 29*r - 410. What is p(-19)?
483
Let o(x) = x**3 + 2*x**2 - 94*x + 239. Calculate o(7).
22
Let q(f) = 823*f**2 - 3306*f + 7. Give q(4).
-49
Let a(u) = u**2 - 344*u + 28289. Determine a(136).
1
Let j(h) = 87*h**2 + 498*h - 40. Give j(-4).
-640
Let a(y) = -3510*y + 31628. Give a(9).
38
Let g(n) = -4*n**2 - 13*n + 218. Determine g(13).
-627
Let j(l) = -8*l**2 - 108*l + 705. Determine j(7).
-443
Let a(j) = -1765*j - 679602. Calculate a(-385).
-77
Let k(u) = 2*u**3 - 49*u**2 - 1376*u - 1281. Give k(-16).
-1
Let k(s) = 11*s**2 + 4779*s + 33496. What is k(-7)?
582
Let v(i) = -i**3 - 25*i**2 + 36*i + 35. Determine v(-24).
-1405
Let t(s) = 160656*s + 321326. Calculate t(-2).
14
Let m(r) = r**2 + 256334*r + 2306924. Give m(-9).
-1
Let t(g) = -50*g - 340. Give t(-31).
1210
Let v(n) = n**3 + 211*n**2 - 648*n - 47190. Determine v(-213).
96
Let b(t) = -9*t**3 + 209*t**2 - 1226*t - 3. Calculate b(6).
-1779
Let a(b) = -15*b**2 - 199*b - 1839. Calculate a(-9).
-1263
Let k(i) = 161*i**2 - 20622*i - 18973. What is k(129)?
-10
Let a(u) = -4543*u - 58347. What is a(-13)?
712
Let s(j) = -8*j**2 - 36*j - 281. Calculate s(-15).
-1541
Let s(i) = 103*i**2 - 481*i + 15. Calculate s(4).
-261
Let j(v) = 66246*v + 463798. Determine j(-7).
76
Let j(k) = -9940*k - 119290. Determine j(-12).
-10
Let l(w) = -146*w**3 + 373*w**2 - 17*w + 52. Determine l(3).
-584
Let q(z) = -285*z - 40733. What is q(-143)?
22
Let k(z) = -29044*z + 1452133. Determine k(50).
-67
Let a(s) = 19028*s - 247383. What is a(13)?
-19
Let l(i) = -6894*i - 1882118. Give l(-273).
-56
Let d(v) = -2*v**3 - 10*v**2 - 33*v - 49. What is d(-4)?
51
Let d(h) = -h**3 + 65*h**2 - 140*h + 12. Give d(63).
-870
Let r(b) = b**3 + 139*b**2 + 1958*b + 172602. Determine r(-134).
10
Let o(v) = -851*v - 13056. What is o(-15)?
-291
Let l(x) = 81*x**3 - 647*x**2 + 4*x - 22. Give l(8).
74
Let f(v) = -4319*v - 24652. Determine f(-6).
1262
Let k(c) = -6*c**3 - 252*c**2 + 1023*c + 5. Determine k(4).
-319
Let q(n) = n**2 + 84775*n + 254314. Determine q(-3).
-2
Let h(g) = 21*g**2 + 392047*g + 392046. Calculate h(-1).
20
Let w(y) = 36128*y - 650204. What is w(18)?
100
Let i(l) = 2526*l - 105874. Determine i(42).
218
Let v(c) = -3*c**2 - 110*c + 11684. Calculate v(-83).
147
Let y(a) = -103*a**2 - 1439*a + 40. Give y(-14).
-2
Let f(w) = -4*w**2 - 4546*w + 168846. Give f(36).
6
Let r(l) = 2*l**3 + 315*l**2 + 2287*l + 907. Give r(-150).
-4643
Let t(y) = -2*y**3 - 134*y**2 + 1310*y + 8250. Determine t(-75).
0
Let r(m) = -1536*m**2 - 78338*m - 104. Calculate r(-51).
-2
Let h(o) = -3546*o + 17774. Determine h(5).
44
Let s(a) = -a**3 - 87*a**2 + 45844*a + 776. What is s(175)?
-274
Let z(f) = f**3 - 35*f**2 + 234*f - 206. Determine z(21).
-1466
Let r(o) = 2*o**3 - 178*o**2 + 223*o - 36204. Calculate r(90).
66
Let k(a) = a**3 + 64*a**2 - 45*a - 385. What is k(-65)?
-1685
Let p(r) = -6077*r - 1343100. Calculate p(-221).
-83
Let p(c) = -3*c**2 - 8809*c - 87944. Determine p(-10).
-154
Let c(t) = -23409*t - 186077. Calculate c(-8).
1195
Let p(f) = 7564*f**2 + 14857*f - 1. Determine p(-2).
541
Let h(c) = 2587*c + 724349. Determine h(-280).
-11
Let q(v) = 4*v**2 + 55*v + 13. What is q(-6)?
-173
Let g(b) = -b**2 - 253*b - 7817. Give g(-218).
-187
Let t(a) = -19*a**2 - 100*a - 8. Calculate t(-8).
-424
Let n(w) = w**2 + 90*w - 11193. What is n(-158)?
-449
Let z(t) = -4*t**3 - 20*t**2 + 339*t + 1658. Determine z(-5).
-37
Let d(b) = -b**3 + 71*b**2 - 1281*b + 885. Determine d(33).
-6
Let i(v) = v**2 + 646*v + 18049. Determine i(-29).
156
Let s(o) = -1944*o + 67862. What is s(35)?
-178
Let t(g) = 3661*g + 1867129. Determine t(-510).
19
Let k(c) = 22*c**2 - 1583*c - 40. What is k(72)?
32
Let r(l) = -l**3 + 47*l**2 + 6*l + 114. Calculate r(47).
396
Let i(l) = 4*l**3 + 8*l**2 + 17*l + 12. Give i(-7).
-1087
Let y(h) = -h**2 + 100*h + 1067. What is y(-9)?
86
Let k(c) = 4*c**2 - 2512*c - 25515. Calculate k(-10).
5
Let n(u) = -u**3 - 29*u**2 + 78*u + 158. Calculate n(-31).
-338
Let w(o) = -o**3 - 34*o**2 - 182*o - 456. Calculate w(-27).
-645
Let i(y) = -17156*y + 960730. Determine i(56).
-6
Let i(f) = -15911*f - 508606. Determine i(-32).
546
Let d(w) = 68*w**2 - 10207*w - 108872. Determine d(-10).
-2
Let r(z) = -721*z - 122579. Give r(-173).
2154
Let n(z) = -5557*z + 211281. Calculate n(38).
115
Let q(v) = 6*v**2 - 18006*v - 36011. Determine q(-2).
25
Let x(p) = 95791*p - 766331. What is x(8)?
-3
Let k(z) = -346459*z + 346464. What is k(1)?
5
Let t(d) = 4*d**2 + 124*d + 2609. What is t(-17)?
1657
Let x(h) = h**3 + 42*h**2 + 341*h + 632. Give x(-32).
-40
Let n(p) = p**2 + 211*p + 11063. Determine n(-95).
43
Let o(q) = q**2 + 8273*q - 57943. Determine o(7).
17
Let c(t) = -6*t**3 + 94*t**2 - 30*t - 16. Give c(15).
434
Let c(k) = 613*k - 7097. Give c(13).
872
Let u(k) = -15042*k - 89735. Determine u(-6).
517
Let c(a) = 466428*a - 10261418. What is c(22)?
-2
Let u(i) = i**3 - 37*i**2 - 275*i + 4977. Calculate u(41).
426
Let h(x) = -2*x**3 + 144*x**2 - 2131*x - 77. Calculate h(51).
484
Let b(i) = -113*i**2 - 1900*i - 4685. Give b(-3).
-2
Let b(a) = a**3 - 4*a**2 + 37*a - 46. Calculate b(8).
506
Let b(y) = -y**2 + 444122*y - 4441123. Calculate b(10).
-3
Let p(x) = 5*x**3 + 43*x**2 - x - 19. Give p(-10).
-709
Let i(x) = -24598*x + 6198727. Calculate i(252).
31
Let p(q) = -48*q + 778. Determine p(6).
490
Let x(c) = 10202*c - 30613. Calculate x(3).
-7
Let u(n) = 2791*n - 13658. What is u(5)?
297
Let h(p) = 5*p**2 + 49*p - 584. What is h(8)?
128
Let h(p) = -42*p**2 + 886*p - 4211. Give h(7).
-67
Let a(q) = 3*q**3 + 120*q**2 + 906*q + 174. What is a(-30)?
-6
Let w(l) = -16*l**3 + 54*l**2 + 167*l + 10. What is w(-3)?
427
Let s(f) = 15*f**2 + 142*f + 18. Calculate s(-14).
970
Let n(h) = 2*h**3 + 125*h**2 + 420*h + 29616. What is n(-63)?
-813
Let m(i) = -21*i**3 - 338*i**2 - 266*i - 4295. Calculate m(-16).
-551
Let s(w) = -104646*w + 3139378. Give s(30).
-2
Let i(q) = -159922*q - 1119476. Give i(-7).
-22
Let s(t) = -t**2 - 137315*t - 1098508. Calculate s(-8).
-52
Let r(y) = -2*y**3 - 148*y**2 - 18*y - 2753. Determine r(-74).
-1421
Let a(u) = -51*u**2 - 1304*u + 220. What is a(-23)?
3233
Let t(y) = -123*y**2 + 3436*y - 3064. Give t(27).
41
Let q(g) = -2*g**3 - 39*g**2 + 217*g - 22. Give q(-24).
-46
Let r(a) = -a**3 + 26*a**2 - 14*a - 2087. What is r(20)?
33
Let j(u) = u**3 + 29*u**2 + 7524*u + 218321. Calculate j(-29).
125
Let r(g) = -2*g**2 + 7550*g - 37741. Determine r(5).
-41
Let h(l) = l**3 - 61*l**2 + 126*l + 31. What is h(59)?
503
Let y(l) = 2*l**3 - 23*l**2 + 3*l + 275. Determine y(10).
5
Let g(f) = 56*f**2 + 6086*f - 30418. Give g(5).
1412
Let u(l) = 66*l - 5110. Determine u(78).
38
Let n(u) = u**2 + 8286*u - 5350573. Giv